me?
True
Is 14997 prime?
False
Is 116423 a composite number?
False
Is 1363 a composite number?
True
Is 385223 a composite number?
False
Is 124617 a composite number?
True
Is 132817 prime?
True
Is 8329 a composite number?
False
Is 95101 a composite number?
False
Is 73263 prime?
False
Is 317 a prime number?
True
Is 94709 composite?
False
Is 369067 a prime number?
True
Is 13319 prime?
False
Is 1741 a composite number?
False
Is 4189 prime?
False
Is 10973 prime?
True
Is 119645 a composite number?
True
Is 39677 prime?
False
Is 9986 a prime number?
False
Is 3371 prime?
True
Is 4049 a prime number?
True
Is 11863 a prime number?
True
Is 170123 prime?
True
Is 807059 prime?
False
Is 35099 a composite number?
False
Is 3989 composite?
False
Is 74107 a composite number?
True
Is 146203 a prime number?
True
Is 23473 a prime number?
True
Is 405427 a composite number?
True
Is 148081 composite?
True
Is 30341 a composite number?
False
Is 9977 a prime number?
False
Is 8513 composite?
False
Is 70865 a prime number?
False
Is 135557 composite?
True
Is 96401 prime?
True
Is 1889 a composite number?
False
Is 6207629 a composite number?
False
Is 147073 a composite number?
False
Is 71843 prime?
True
Is 267373 composite?
False
Is 12871 a prime number?
False
Is 76207 composite?
False
Is 13231 a composite number?
True
Is 1302079 a composite number?
False
Is 7393 prime?
True
Is 12829 a composite number?
False
Is 34297 composite?
False
Is 7219 prime?
True
Is 3749 composite?
True
Is 52198 a composite number?
True
Is 8563 a composite number?
False
Is 73099 a composite number?
True
Is 167497 a prime number?
False
Is 6469 prime?
True
Is 125921 prime?
True
Is 24659 a prime number?
True
Is 5839 a composite number?
False
Is 4591 a composite number?
False
Is 2012279 prime?
False
Is 1679705 composite?
True
Is 4227 composite?
True
Is 70601 prime?
False
Is 51599 a composite number?
False
Is 2356921 a prime number?
False
Is 1554653 a composite number?
False
Is 14401 prime?
True
Is 1073153 prime?
True
Is 665187 a composite number?
True
Is 4782757 a prime number?
False
Is 53443 a composite number?
True
Is 24659 a composite number?
False
Is 182827 a prime number?
False
Is 3981 composite?
True
Is 15061 composite?
False
Is 22601 prime?
False
Is 72859 a prime number?
True
Is 13537 a prime number?
True
Is 1973 a composite number?
False
Is 260909 a composite number?
True
Is 32117 a prime number?
True
Is 16993 a composite number?
False
Is 2921 a composite number?
True
Is 77969 prime?
True
Is 105467 a prime number?
True
Is 53243 a prime number?
False
Is 1457 a composite number?
True
Is 12893 a composite number?
False
Is 119465 prime?
False
Is 108631 prime?
True
Is 28738 composite?
True
Is 8497 a composite number?
True
Is 7747 prime?
False
Is 7415 composite?
True
Is 114505 a prime number?
False
Is 787667 composite?
False
Is 6787 prime?
False
Is 1571183 a prime number?
True
Is 2810179 a prime number?
False
Is 5873 composite?
True
Is 258557 a composite number?
True
Is 64793 a prime number?
True
Is 109 a prime number?
True
Is 57841 prime?
False
Is 4042833 a composite number?
True
Is 2621705 prime?
False
Is 9157 a prime number?
True
Is 59333 a prime number?
True
Is 47254 a composite number?
True
Is 103319 composite?
False
Is 168583 a composite number?
True
Is 191822 a prime number?
False
Is 48219 prime?
False
Is 12071 a composite number?
False
Is 152519 prime?
True
Is 18899 prime?
True
Is 250109 composite?
False
Is 4343 a composite number?
True
Is 9587 composite?
False
Is 103951 a prime number?
True
Is 13121 composite?
False
Is 90587 prime?
False
Is 753611 composite?
False
Is 143093 a composite number?
False
Is 3755 prime?
False
Is 163 a composite number?
False
Is 2507 a prime number?
False
Is 3119 prime?
True
Is 3593 a composite number?
False
Is 10511 a composite number?
True
Is 6001 a composite number?
True
Is 5981 composite?
False
Is 54469 composite?
False
Is 6389 composite?
False
Is 14971 prime?
False
Is 11663 prime?
False
Is 46301 composite?
False
Is 59131 a composite number?
True
Is 2653737 composite?
True
Is 18397 a composite number?
False
Is 368131 a composite number?
True
Is 851 prime?
False
Is 27121 a prime number?
False
Is 12367 prime?
False
Is 21053 composite?
True
Is 19831 a composite number?
True
Is 3011 a composite number?
False
Is 10079 prime?
True
Is 2333 a composite number?
False
Is 737489 a composite number?
True
Is 25105 a prime number?
False
Is 70019 a composite number?
False
Is 2127 composite?
True
Is 256657 prime?
False
Is 28961 a composite number?
False
Is 16237 prime?
False
Is 1165 composite?
True
Is 329 a prime number?
False
Is 4189 a composite number?
True
Is 302903 a composite number?
False
Is 32837 composite?
True
Is 12307 prime?
False
Is 4559 a prime number?
False
Is 745 a composite number?
True
Is 48907 a prime number?
True
Is 20203 a prime number?
False
Is 1952191 a prime number?
True
Is 11371 a prime number?
False
Is 5779 a prime number?
True
Is 206249 a composite number?
False
Is 39279 prime?
False
Is 4733 a composite number?
False
Is 316487 a composite number?
True
Is 1361 a composite number?
False
Is 9587 a prime number?
True
Is 330683 a prime number?
True
Is 371919 a composite number?
True
Is 1623463 a prime number?
True
Is 50734 a prime number?
False
Is 25943 composite?
False
Is 961 a prime number?
False
Is 13963 composite?
False
Is 1250189 a composite number?
False
Is 3263 composite?
True
Is 20707 a composite number?
False
Is 22013 a composite number?
False
Is 1247449 a prime number?
False
Is 129343 a composite number?
True
Is 8795 composite?
True
Is 19607 composite?
True
Is 139361 a prime number?
True
Is 21703 prime?
False
Is 8849 a composite number?
False
Is 7438 prime?
False
Is 19202 a composite number?
True
Is 112327 a prime number?
True
Is 1593703 a prime number?
True
Is 1713466 a prime number?
False
Is 82837 a prime number?
True
Is 69191 a prime number?
True
Is 73693 prime?
True
Is 104254 prime?
False
Is 587 composite?
False
Is 35063 prime?
False
Is 2067771 a prime number?
False
Is 251893 a prime number?
True
Is 164221 a prime number?
False
Is 133769 a prime number?
True
Is 534823 a prime number?
False
Is 23393 a composite number?
True
Is 381263 a prime number?
False
Is 31399 a composite number?
True
Is 5897 composite?
False
Is 8141 a prime number?
False
Is 423931 prime?
True
Is 200621 a composite number?
True
Is 21059 a prime number?
True
Is 74219 a composite number?
False
Is 237953 a prime number?
False
Is 1229419 a composite number?
True
Is 44449 prime?
True
Is 28019 a composite number?
False
Is 5839 a composite number?
False
Is 6637 composite?
False
Is 2129 a prime number?
True
Is 7997 a composite number?
True
Is 7093 prime?
False
Is 314623 a composite number?
False
Is 631151 composite?
False
Is 273607 a composite number?
True
Is 32167 a prime number?
False
Is 29897 a composite number?
True
Is 21929 a prime number?
True
Is 12515 prime?
False
Is 441949 prime?
False
Is 22469 prime?
True
Is 406189 a prime number?
False
Is 146581 a composite number?
False
Is 13835 prime?
False
Is 119533 a prime number?
True
Is 346783 a composite number?
True
Is 44861 composite?
True
Is 5749 a composite number?
False
Is 585079 prime?
False
Is 176369 composite?
False
Is 42113 a composite number?
True
Is 29293 composite?
True
Is 14207 a prime number?
True
Is 31013 composite?
False
Is 1733 a composite number?
False
Is 25439 composite?
False
Is 2995 composite?
True
Is 608721 prime?
False
Is 31469 prime?
True
Is 240085 a prime number?
False
Is 6497 composite?
True
Is 7717 a composite number?
False
Is 22769 prime?
True
Is 355529 composite?
False
Is 41831 a composite number?
True
Is 21561 a composite number?
True
Is 907 a composite number?
False
Is 17363 prime?
False
Is 9379 composite?
True
Is 73779 a prime number?
False
Is 485557 prime?
False
Is 33827 a composite number?
False
Is 22207 composite?
True
Is 65981 a composite number?
False
Is 291 prime?
False
Is 119147 composite?
True
Is 565 a prime number?
False
Is 2210173 composite?
True
Is 251257 composite?
False
Is 10711 a composite number?
False
Is 45481 composite?
False
Is 2411 prime?
True
Is 1063151 prime?
True
Is 88277 prime?
False
Is 26947 prime?
True
Is 137507 prime?
True
Is 68023 prime?
True
Is 5129 composite?
True
Is 19